8047027 is divided by 903.
902
What is the remainder when 963920 is divided by 96368?
240
What is the remainder when 39417405 is divided by 96?
93
Calculate the remainder when 64869334 is divided by 123.
118
Calculate the remainder when 6812 is divided by 6739.
73
Calculate the remainder when 458555 is divided by 1.
0
What is the remainder when 25236654 is divided by 708?
702
Calculate the remainder when 65855952 is divided by 8231980.
112
Calculate the remainder when 132362940 is divided by 344.
340
What is the remainder when 829655 is divided by 2324?
2311
What is the remainder when 4904765 is divided by 131?
125
Calculate the remainder when 11529309 is divided by 1251.
93
What is the remainder when 932457 is divided by 186477?
72
Calculate the remainder when 72712 is divided by 23486.
2254
Calculate the remainder when 684604 is divided by 1001.
921
Calculate the remainder when 35061426 is divided by 1593701.
4
Calculate the remainder when 4399398 is divided by 2199696.
6
Calculate the remainder when 1120066 is divided by 186676.
10
What is the remainder when 3718173 is divided by 14815?
14423
What is the remainder when 49173512 is divided by 2119?
2117
What is the remainder when 90866 is divided by 7?
6
Calculate the remainder when 63691990 is divided by 68.
62
Calculate the remainder when 710882696 is divided by 2046.
2042
What is the remainder when 2765984 is divided by 6649?
0
Calculate the remainder when 34055210 is divided by 1149.
1148
What is the remainder when 725559975 is divided by 33?
30
Calculate the remainder when 1950910 is divided by 7146.
52
Calculate the remainder when 13443 is divided by 2685.
18
Calculate the remainder when 16974555 is divided by 24459.
9
Calculate the remainder when 92545 is divided by 12009.
8482
Calculate the remainder when 156612 is divided by 710.
412
What is the remainder when 7193113 is divided by 1072?
1065
What is the remainder when 2997196 is divided by 9637?
89
Calculate the remainder when 178773 is divided by 4361.
4333
Calculate the remainder when 314569 is divided by 4808.
2049
Calculate the remainder when 12435919 is divided by 130.
119
What is the remainder when 316382 is divided by 2132?
846
What is the remainder when 3038 is divided by 155?
93
Calculate the remainder when 306613 is divided by 306450.
163
What is the remainder when 4158992 is divided by 1386323?
23
What is the remainder when 2837533 is divided by 4737?
70
What is the remainder when 199814 is divided by 586?
574
What is the remainder when 34974761 is divided by 3156?
3125
Calculate the remainder when 3529997 is divided by 117.
107
What is the remainder when 70100562 is divided by 2?
0
What is the remainder when 5296547 is divided by 871?
867
What is the remainder when 2945608 is divided by 2467?
10
What is the remainder when 1576114 is divided by 2876?
66
Calculate the remainder when 863204 is divided by 5836.
5312
Calculate the remainder when 130738781 is divided by 18676968.
5
What is the remainder when 1319837 is divided by 8515?
12
What is the remainder when 3978074 is divided by 7988?
50
Calculate the remainder when 43428 is divided by 1888.
4
Calculate the remainder when 1278383 is divided by 661.
9
What is the remainder when 1186114 is divided by 11508?
790
Calculate the remainder when 21207733 is divided by 3226.
9
What is the remainder when 23331 is divided by 11539?
253
What is the remainder when 6170083 is divided by 44072?
3
What is the remainder when 338518 is divided by 5064?
4294
What is the remainder when 63299524 is divided by 222?
220
What is the remainder when 18360186 is divided by 240?
186
What is the remainder when 230587 is divided by 373?
73
What is the remainder when 11275946 is divided by 388813?
369
What is the remainder when 9140713 is divided by 80891?
30
Calculate the remainder when 1684235 is divided by 61.
25
What is the remainder when 115113340 is divided by 19185552?
28
What is the remainder when 162115802 is divided by 707?
702
Calculate the remainder when 67447293 is divided by 27.
24
Calculate the remainder when 2145057 is divided by 715010.
27
What is the remainder when 2897925 is divided by 2897021?
904
What is the remainder when 27037 is divided by 687?
244
What is the remainder when 79006224 is divided by 21?
3
What is the remainder when 162031 is divided by 1331?
980
What is the remainder when 12729000 is divided by 5765?
5645
What is the remainder when 1386508 is divided by 4487?
25
Calculate the remainder when 198248 is divided by 344.
104
What is the remainder when 10928238 is divided by 1303?
1280
What is the remainder when 26613 is divided by 26064?
549
Calculate the remainder when 3143684 is divided by 3143656.
28
Calculate the remainder when 3407324 is divided by 288.
284
What is the remainder when 631172 is divided by 210318?
218
Calculate the remainder when 7344 is divided by 6789.
555
What is the remainder when 13445539 is divided by 1021?
1011
Calculate the remainder when 18708420 is divided by 1756.
1752
Calculate the remainder when 5911135 is divided by 5911130.
5
Calculate the remainder when 29182 is divided by 7295.
2
Calculate the remainder when 3267406 is divided by 9.
1
Calculate the remainder when 18983636 is divided by 1560.
1556
Calculate the remainder when 2719908 is divided by 28618.
1198
What is the remainder when 28307 is divided by 4038?
41
Calculate the remainder when 47614737 is divided by 2857.
2832
Calculate the remainder when 119762512 is divided by 8459.
8449
Calculate the remainder when 666303 is divided by 279.
51
Calculate the remainder when 778559 is divided by 35311.
1717
What is the remainder when 102308 is divided by 3288?
380
What is the remainder when 225771 is divided by 275?
271
What is the remainder when 13307394 is divided by 698?
24
Calculate the remainder when 6638694 is divided by 659.
587
Calculate the remainder when 199433148 is divided by 9.
6
Calculate the remainder when 1607845 is divided by 2849.
1009
What is the remainder when 198358 is divided by 388?
90
Calculate the remainder when 22720 is divided by 3394.
2356
Calculate the remainder when 95258 is divided by 10580.
38
What is the remainder when 62559 is divided by 8937?
0
Calculate the remainder when 17433 is divided by 2943.
2718
What is the remainder when 41641 is divided by 2398?
875
What is the remainder when 713384 is divided by 357?
98
Calculate the remainder when 4218478 is divided by 630.
628
Calculate the remainder when 150880 is divided by 49227.
3199
What is the remainder when 1780 is divided by 1421?
359
Calculate the remainder when 11841621 is divided by 4036.
4033
What is the remainder when 265624775 is divided by 74?
73
What is the remainder when 1118134 is divided by 3678?
22
Calculate the remainder when 4420417 is divided by 133952.
1
What is the remainder when 29757037 is divided by 992?
13
What is the remainder when 3178645 is divided by 247?
2
Calculate the remainder when 14176 is divided by 2491.
1721
What is the remainder when 1569350 is divided by 783811?
1728
What is the remainder when 1129214 is divided by 472?
190
What is the remainder when 28675 is divided by 3073?
1018
What is the remainder when 3025588 is divided by 94?
10
Calculate the remainder when 1414927 is divided by 926.
925
Calculate the remainder when 762922 is divided by 108943.
321
Calculate the remainder when 43571 is divided by 583.
429
What is the remainder when 2863337 is divided by 69837?
20
Calculate the remainder when 104852 is divided by 20858.
562
Calculate the remainder when 1458452 is divided by 482.
402
Calculate the remainder when 139064 is divided by 361.
79
What is the remainder when 2445893 is divided by 161?
142
Calculate the remainder when 7077192 is divided by 241.
227
What is the remainder when 11169183 is divided by 2749?
2745
What is the remainder when 22724970 is divided by 161?
142
Calculate the remainder when 80608436 is divided by 5373895.
11
Calculate the remainder when 21182 is divided by 5164.
526
Calculate the remainder when 83349 is divided by 254.
37
Calculate the remainder when 7207715 is divided by 24.
11
Calculate the remainder when 1406 is divided by 904.
502
Calculate the remainder when 532166 is divided by 2073.
1478
What is the remainder whe